e 9 + 13 = 2*q + 4*f, -q = -4*f + 13. Suppose 0 = -m - 2*m + 15, q*u + 4*m = 29. Suppose u*x - 940 - 2177 = 0. Is x composite?
False
Suppose -8*g - 20892 = 36404. Let f = g + 12059. Is f composite?
True
Suppose -1375 = -4*b + 1825. Suppose 2*d + 8 = 0, 489 = l - d - b. Is l prime?
False
Is (21 - 12) + (-4 - -5) + 213859 prime?
False
Let j = -24 + 20. Let u(n) = n**3 + 3*n**2 - 6*n - 6. Let x be u(j). Is 1/((-1826)/914 + x) composite?
False
Suppose 0 = o - 2*r + 6*r - 21, -r = -4. Suppose -4*p - 2*j = -3064, -o*j - 2616 = -4*p + 448. Is p prime?
False
Let c be (3 - (-6 - 2)) + 5. Suppose -5*f + 62 = -4*s, -f + 2*s + c = 3*s. Suppose -24837 = -f*g - 7169. Is g composite?
True
Let k = 222 - 185. Suppose 0 = 47*c - k*c - 17570. Is c a composite number?
True
Let k be 12/3 - (-12)/2. Let f(n) = 12*n**2 - 8*n + 93. Is f(k) prime?
True
Is 11007510/54 + (-48)/(-216) a prime number?
True
Let f = 100236 - -150421. Is f a prime number?
False
Let s = 20 - 12. Let u(d) = 259*d + 55. Is u(s) prime?
False
Suppose -3*a - 8 = -5*a. Suppose -o + 5*w - 10500 = -6*o, -a*o - 2*w = -8402. Is o prime?
False
Suppose -33 - 21 = -6*x. Is (-49275)/(-243) + ((-16)/x - -2) prime?
False
Let q = 8831 - -29386. Is q a composite number?
True
Suppose -14*a = -8*a - 924. Suppose -l + b + a = -155, -3*b = -15. Is l prime?
False
Suppose 5*l = 7*f - 5*f + 2, 12 = -4*l + 5*f. Is (-897 + -1)/l*-1 a prime number?
True
Let o(d) = d**2 - 23*d + 104. Let u be o(-27). Let p(y) = -y + 1. Let a be p(-6). Suppose u + 2193 = a*f. Is f prime?
True
Let k = 50 - 47. Let f(w) be the first derivative of 117*w**3 + w**2/2 - 7*w - 48. Is f(k) a composite number?
True
Let n(b) be the third derivative of -29*b**6/144 - b**5/20 + 11*b**4/8 + 5*b**2. Let m(o) be the second derivative of n(o). Is m(-5) composite?
False
Let j be (-56)/(-644) - (-6)/(-69). Suppose c - 3735 = -3*l + 798, -4*c = j. Is l composite?
False
Let n be (-16 - -18) + 1 + -1. Let q(b) = 1075*b**2 - 3*b + 3. Let s be q(n). Let i = s + -2816. Is i a composite number?
False
Suppose 31*o - 2808799 = 1964922. Is o composite?
False
Let w be ((-3)/(-6)*-2)/(3/6). Let n be -3 + (-3009)/(-6) + 1/w. Let c = n - -785. Is c a prime number?
True
Suppose -3*n = 680 - 4703. Suppose 0 = 2*k - 0*k - 10392. Suppose -3*y = -k + n. Is y prime?
False
Let g = 474230 - 78657. Is g a composite number?
True
Let m = -389188 + 659001. Is m a prime number?
False
Suppose 0 = -32*y + 28*y + 151152. Suppose -71*f - y = -83*f. Is f a composite number?
True
Suppose 0 = -25*y + 26*y - 3425. Suppose b - 2*l - y = 0, 2*b - 3*b - l + 3410 = 0. Is b a prime number?
False
Suppose -4*d + 1014 = -5*p, -4*p + 270 = -3*d + 1031. Suppose 7662 - d = v. Is v composite?
False
Let x be 6/(6/10040*5). Suppose -4*m + x = 4*m. Suppose g + g = -3*r + m, -411 = -5*r + 4*g. Is r a prime number?
True
Let f(g) = 19850*g**2 + 83*g + 82. Is f(-1) a composite number?
True
Let p(t) = 58*t - 34. Suppose 3*a + 25 = -29. Let s = a + 32. Is p(s) a prime number?
False
Let r(w) = -156 - 7*w + 25*w - 7*w**2 + 155 - 2*w**3. Let i(q) = -q**3 - 8*q**2 - 6*q - 1. Let m be i(-7). Is r(m) prime?
True
Let l(h) = 20*h + 25. Let g be ((-9)/(-4))/(-1 - 129/(-120)). Suppose -5*c + 10 = -g. Is l(c) a composite number?
True
Suppose 5*a - 97 = i, 3*i + 0*i + 82 = 4*a. Suppose -122402 - 48579 = -a*g. Is g a composite number?
False
Let c = -792 + 776. Is (2/(-6))/(c/1218480) a composite number?
True
Let n be (252/27 + -9)/((-1)/(-9)). Suppose n*s + 19*s - 14982 = 0. Is s composite?
True
Let o = -178545 + 259576. Is o a prime number?
True
Suppose -i + 17446 + 3696 = 5*f, -5*f - 63406 = -3*i. Is i prime?
False
Let k(v) = -99*v**3 + 6*v**2 - 20*v + 7. Is k(-6) prime?
True
Let w be -9 - -6 - 2/(6/(-486663)). Is w/42 - (-3)/(-9) a composite number?
True
Suppose -4*h - 70 = 3*y, 0*h = -3*h - 2*y - 52. Let n(o) = -o**3 - 10*o**2 - 7*o + 9. Is n(h) a composite number?
False
Let o = -35265 + 53875. Is o - (1/((-4)/16) + 1) composite?
True
Let y = 1173509 - 781366. Is y prime?
True
Suppose 36*u + 424500 = 46*u. Suppose 12*n - u + 7902 = 0. Is n prime?
True
Let s(m) = -6*m - 12 - 25*m - 31*m**3 + 9*m**2 - m**3. Let g be s(-9). Suppose -19*b = -23*b + g. Is b prime?
False
Let u(o) = -5*o - 18 + 6*o - 631*o**2 + 33*o**3 + 621*o**2. Is u(5) composite?
True
Let c = -39155 - -74986. Is c prime?
True
Let i(z) = 18*z**2 - 19*z + 59. Let p be 38/171 - 79/(-9). Is i(p) composite?
True
Suppose 238 = 3*g - w - w, -20 = -5*w. Suppose 2*t - a = 3*a - g, 0 = 2*t - 2*a + 88. Let v = 868 + t. Is v a composite number?
False
Suppose -w - 177145 = -2*l, l + w = 50164 + 38410. Is l a prime number?
False
Let d(a) = -130814*a**3 + 6*a**2 + 13*a + 7. Is d(-1) composite?
True
Let v(j) = -137*j - 24. Let m be v(-8). Suppose -s + 4*o = -3*s + m, -3*s + 1597 = -5*o. Suppose 2*y + 5*r = s, 2*y + 2*r = -y + 790. Is y a composite number?
True
Let m(b) = 58*b**2 + 5*b + 1171. Is m(-68) composite?
False
Suppose -2 = h - 12. Let u = h - 14. Is 2/2*-1*(-15 + u) a composite number?
False
Suppose -4*p = 2*r + 8, 2*p - r = -1 + 5. Suppose -14*d - 11*d + 74125 = p. Is d prime?
False
Suppose 4*x - 530757 = l, -l + 510380 = 5*x - 153064. Is x a composite number?
False
Suppose -4674*r = -4670*r - 2585588. Is r a composite number?
False
Let i(h) = h**3 - 11*h**2 - 12*h + 4. Let z be i(12). Let p be (20 + 0)*2/z. Is (-1)/(-5) - (0 + (-14778)/p) a composite number?
True
Suppose 0 = -r - 5*r - 2*r. Let i(q) = -18*q + 18347. Is i(r) a composite number?
True
Let i(k) = 38*k + 49. Suppose -4*y + 4*r - 9 = -3*y, -14 = y - 5*r. Is i(y) a composite number?
False
Suppose 0*u + 4*d - 37 = -5*u, -5*d + 5 = -2*u. Suppose -u*a - 7 = -52. Suppose 8*b = a*b - 1121. Is b prime?
False
Suppose -4*u + 11*u = 42. Suppose 1877 = u*j - 1609. Is j prime?
False
Suppose 0*i - 11 = -2*i + y, -2*i - y + 9 = 0. Is (i - (-27372)/(-32))*-8 a composite number?
False
Suppose 10*x = 6*x + 21612. Let m = -3722 + x. Is m a composite number?
True
Suppose 4*m = -4*h + 146 - 10, 4*m - 170 = -5*h. Let k(x) = 58*x + 47*x - 110*x + h. Is k(-20) a composite number?
True
Let r be 2267/6 + 8/48. Let c = 41 + r. Is c a composite number?
False
Let z(a) = 9*a**3 - 5*a**2 + 5*a + 7. Let f = 91 + -83. Suppose -5*m = -7*m + f. Is z(m) prime?
True
Let i be (2*-1)/4 + (-437)/(-46). Suppose -3*x + 4 + 23 = -4*l, 0 = 3*x + i. Is (l/(-3) - -1) + 630 a composite number?
True
Is 92153 + (-7 - 7)/((-21)/12) prime?
False
Let f = 19884 + -27864. Let m = 12029 + f. Is m a composite number?
False
Suppose -105*r + 23262 = -99*r. Suppose r - 106948 = -51*o. Is o a composite number?
True
Suppose -9*j + 23 = -8*j + 2*p, 19 = 3*j - 4*p. Suppose -26*z = -j*z - 56433. Is z composite?
True
Let x be 6/10 - (-4697)/5. Suppose 2*i - x = 1468. Let u = i - 525. Is u a composite number?
True
Suppose -92 = -8*q - 52. Suppose 2686 = 3*g + 5*f, 2*f = -q*g - 3*f + 4460. Is g a prime number?
True
Let r be (-9)/(-6) + (-182)/4. Let h = r - -247. Is h a composite number?
True
Let f = 1331 - 702. Suppose -11170 = 624*m - f*m. Is m a prime number?
False
Let m(a) = a**3 - 24*a**2 - a + 29. Let p be m(24). Suppose 0 = p*h - 4*z - 56203, -2*h + 9*z + 22486 = 5*z. Is h composite?
False
Let m(b) = 50*b**2 - 35*b + 613. Is m(20) prime?
True
Suppose -4*z + k = -22003, -2*z + 5*k + 27515 = 3*z. Suppose 3*f + 589 = z. Is f prime?
True
Let q(w) = 3*w - 2*w**2 - w**3 + 3*w**2 + 5 - 4*w + 15. Let n be q(0). Is (-30)/n*(850/(-6) - -1) composite?
False
Let f = 28 + -5. Let q = f - 20. Suppose 0 = -q*x - x + 436. Is x prime?
True
Suppose -3*h + 7 = 4*l, -1 + 7 = 2*h + 2*l. Let a(k) = -11*k + 25*k - 8 + 13*k. Is a(h) composite?
False
Let p be (-2 + 5)*6716/12. Suppose -3*o + p = 2*m, 2*m - 2*o - 1678 = -4*o. Is m a composite number?
True
Let h = -39 - -44. Suppose 2*i + 4232 = 4*c, -1126 = -h*c + i + 4164. Let z = c - 273. Is z composite?
True
Let d(a) = -2*a - 26 + 17 - 5*a + 23*a**2 + 0*a + 3*a. Let u(j) = -3*j - 2. Let v be u(-4). Is d(v) a composite number?
False
Let c(t) = 4*t**2 - 5*t - 14. Let n be 0 + -19 + 14 + -12. Let z(x) = -13*x**2 + 15*x + 41. Let j(y) = n*c(y) - 6*z(y). Is j(-5) a prime number?
False
Let d(w) = 3*w**3 - 16*w**2 + 67*w + 83. Let q be d(9). Suppose b + 2*t - 7 + 1 = 0, b = t. Is (q + b)*(-8 + 9) a composite number?
False
Is 2/10 + (